. Let l be (-207)/(-27) + 2/6. What is the greatest common divisor of l and q?
8
Let l(t) = -2*t - 4. Let h be l(-7). What is the greatest common divisor of 50 and h?
10
Let n(q) = q**3 + 6*q**2 - q + 2. Let l be n(-6). Let d be 558/l - (-4)/16. Calculate the highest common factor of d and 10.
10
Let g(p) = -4*p**3 + 4*p**2 - p - 3. Let f be g(3). Let h be 1/2 - f/4. Calculate the highest common divisor of 140 and h.
20
Let l = -35 - -62. What is the greatest common divisor of l and 3?
3
Let c be (-48)/(-18)*4/(24/27). What is the highest common factor of 108 and c?
12
Let m be (1 + 3)/(2/9). Let t be 372/3 + (2 - 0). What is the highest common factor of t and m?
18
Let a be 34*1*(-4)/8. Let b = 29 + a. What is the greatest common factor of b and 48?
12
Suppose 3*f = d - 20 - 147, 5*d = 2*f + 809. Suppose 4*o = 2*k - 50, 0*k - o + 114 = 5*k. Calculate the greatest common factor of k and d.
23
Let z(d) = 177*d + 3. Let t be z(1). Calculate the greatest common divisor of 72 and t.
36
Suppose 110 = 3*q + 2*q. Calculate the greatest common factor of q and 33.
11
Let y be 3/4*(5 - 1). Suppose 2*i - 91 = -y*m, -i + 4*i + 39 = 2*m. What is the greatest common factor of 18 and m?
9
Let q = -21 + 23. Calculate the greatest common divisor of 16 and q.
2
Let q(x) = 13*x - 5. Let w be q(2). What is the highest common divisor of 105 and w?
21
Let y be (-2)/4*(2 + -2). Suppose y = -5*g + 2*g + 1029. Let l = g - 208. Calculate the highest common divisor of 15 and l.
15
Let y(m) = -9*m**2 - 12*m + 7. Let x(j) = 5*j**2 + 6*j - 4. Let k(o) = -7*x(o) - 4*y(o). Let z be k(6). Calculate the highest common divisor of 18 and z.
18
Let c = -57 - -91. Calculate the greatest common divisor of c and 238.
34
Let o = -7 + 7. Suppose 0 = 2*w - 6, -k + o*k + 13 = 2*w. Calculate the highest common divisor of k and 14.
7
Let o = 53 + -27. Suppose 0 = i + 5*d - 16, 2*i - 5*d + d = 4. Let y be (-129 - 1)*i/(-12). What is the highest common factor of o and y?
13
Let n(z) = 3*z + 12. Let v(r) = -3*r - 11. Let c(j) = 6*n(j) + 7*v(j). Let l be c(-7). Calculate the greatest common divisor of 112 and l.
16
Let w(r) = 9 + 0*r**3 + 5*r**3 + 3*r - 4*r - 4*r**3 - r**2. Let i be w(0). What is the highest common divisor of 90 and i?
9
Let d(r) = r**3 - 4*r**2 - 3*r - 6. Let c be d(5). Suppose 4*v + 0*v - 240 = -4*j, 240 = c*j - 2*v. Calculate the highest common divisor of j and 90.
30
Let j(x) = -x**3 + 15*x**2 + x - 13. Let n be j(15). Suppose -2*p - 6*t + 20 = -2*t, -p = -2*t - 2. What is the greatest common factor of n and p?
2
Suppose -h - 2*y = -11, 0*y - 14 = 2*h - 5*y. Suppose -4*v - h*g = -7 - 4, 3*g = -9. Suppose r - v*r = -16. Calculate the greatest common factor of 16 and r.
4
Suppose -2*i + 22 = -5*v - 15, 4*i - 29 = -5*v. Let s = i - -38. What is the highest common factor of s and 7?
7
Suppose 3*n = 3*g + 90, -g + 3 = 3*n - 95. What is the highest common divisor of 288 and n?
32
Suppose 3*u = -4*c + 68, 2 = c - 3*u - 0. What is the highest common factor of 84 and c?
14
Suppose 2*v + 5*f = 103, 4*f = -4 - 0. Calculate the highest common factor of v and 6.
6
Suppose 3*l - 22 = 2*v + 36, 2*v = -4*l + 96. Let y be 4/l + 144/(-66). Let r be -110*-2*(3 + y). What is the greatest common divisor of r and 22?
22
Suppose -4*m + 51 = -3*s, 3*m + 4*s + 3 = 35. What is the greatest common divisor of 3 and m?
3
Let k(r) = 6*r**2 - 3*r + 1. Let u be k(2). Let q = u + -3. What is the greatest common divisor of 144 and q?
16
Suppose -y = -2*f + 233, 4*y - 97 = 5*f - 1023. Let u = y - -362. Calculate the greatest common divisor of 19 and u.
19
Suppose 4*d = 20, 3*v - 5*d = -2*v + 10. Let z(i) = -i**3 - i**2 + i + 14. Let f be z(0). Calculate the greatest common divisor of v and f.
7
Suppose -3*c + 40 = c. Suppose 390 = 5*d - c. Suppose 4*t - 131 = -3. Calculate the highest common factor of t and d.
16
Suppose 0 = -6*x + 3*x + 6. Let h be ((-5)/(-3) - x)*-12. Suppose -h*w = 11 - 191. What is the greatest common divisor of w and 9?
9
Suppose -10 = -5*g - 5*a, -3*g - a + 5 + 5 = 0. Suppose c = g*f - 14, 2*f - 4*c - 14 = -0. Calculate the highest common factor of f and 27.
3
Suppose -z = -5*z - 8, -3*t + 44 = -z. Let j(n) = n**3 - 11*n**2 - 10*n - 3. Let q be j(12). Calculate the highest common divisor of t and q.
7
Suppose -2*u + 8 = 3*s, 0 = 2*u - u - 3*s - 4. Suppose u*x + 2*j - 60 = 0, -4*x + 8*x - 5*j - 88 = 0. What is the highest common factor of 17 and x?
17
Let c(s) = -s**3 - s**2 + 16. Let o be 9/12 - 6/8. Let q be c(o). Calculate the highest common divisor of q and 48.
16
Suppose 240 = -13*o + 18*o. What is the highest common divisor of o and 528?
48
Let m(c) = -c**3 + 20*c**2 + c - 8. Let b be m(20). What is the highest common divisor of 204 and b?
12
Let v be (34/4)/((-9)/(-18)). Calculate the greatest common divisor of 34 and v.
17
Let t be -2*1*(-78)/4. Let u = 57 - t. Calculate the greatest common divisor of 6 and u.
6
Let p be ((-192)/10)/(12/(-90)). What is the greatest common divisor of 18 and p?
18
Let a be (-5 - -3)/((-1)/(-143)). Let p = -169 - a. Let s(m) = 3*m**2 - m + 3. Let c be s(2). Calculate the highest common divisor of c and p.
13
Let j = 287 - 175. Suppose -k = -5*k + j. What is the greatest common factor of 70 and k?
14
Let o be 6/4*16/6. Suppose -2*k - o + 14 = 0. Suppose 0 = 4*l + 5 - 13. Calculate the highest common divisor of k and l.
1
Let d = 171 - 91. Suppose d = 4*h + h. Suppose -3*n + 21 + 15 = 3*a, 2*a = -3*n + 32. What is the greatest common divisor of n and h?
8
Let v(r) be the second derivative of -3*r**5/20 + r**4/4 - 5*r**3/6 - 3*r**2/2 - 7*r. Let p be v(-3). What is the greatest common factor of 30 and p?
30
Let f(s) = 10*s**2 + 3*s - 1. Let n be f(-3). Let q be (-84)/14 + (25 - -1). What is the greatest common divisor of q and n?
20
Suppose 8*q - 3*q - 300 = 0. Suppose -3*t = -7*t - 3*f + 54, 4*t - f = 62. Calculate the greatest common divisor of q and t.
15
Let r be 0/(-2) - 0 - 6. Let j = r + 7. What is the highest common divisor of j and 1?
1
Suppose -3*x - 1 = 2, 0 = 4*g - 4*x - 16. What is the highest common factor of 21 and g?
3
Let l(p) = 3*p**2 - 3*p**2 - 3*p + 2*p**2 - 7 + 3. Let s be (1 - 3)*(-3)/2. Let b be l(s). What is the highest common factor of 5 and b?
5
Let d = -78 - -123. Let l be (d/1)/((-3)/(-6)). Suppose -4*h = -s - 0*h - 2, -5*h + 15 = 0. What is the highest common factor of s and l?
10
Suppose -6 - 54 = -4*j. Suppose 0 = 3*v - 145 - 35. Calculate the greatest common divisor of v and j.
15
Suppose n = -5*f - 12, 3*n + f + 105 = -n. Let t be (-6)/((n/6)/3). What is the greatest common factor of t and 8?
4
Let o(z) = z**2 + 3*z + 3. Let y be o(-4). Let x be ((-49)/(-2))/((-23)/(-46)). What is the greatest common factor of y and x?
7
Suppose 4*j = -a - a + 10, -a - 5 = -3*j. What is the highest common divisor of 5 and j?
1
Let f = 1 + 0. Let b be 1 - (-1 + (f - 2)). Suppose z - 3*r = -8, -b*z + r = -r - 4. What is the greatest common divisor of z and 6?
2
Suppose 5*p + 2*m + 168 - 442 = 0, -p = -3*m - 65. Calculate the greatest common divisor of p and 7.
7
Let v be 12/(-8)*-42 + -3. Suppose -z - v = -6*z. Calculate the highest common divisor of z and 108.
12
Let z be (-2)/3 + 11/3. Suppose -7*y = -z*y - 104. Suppose 5*r - 160 = 4*b, -y = 2*r + b - 90. What is the greatest common factor of 4 and r?
4
Let r be 1 - (-2)/(6/(-15)). Let p be 170/(-7) + r/(-14). Let i be 4/14 - p/14. Calculate the greatest common divisor of 4 and i.
2
Let k(o) = -8*o + 64. Let p be k(-4). Let i be -4*-1*2*3. What is the greatest common factor of i and p?
24
Suppose -108 = -b + 34. Suppose -5*q - 5*m + 3*m + b = 0, q + 5*m = 10. Calculate the highest common divisor of 30 and q.
30
Suppose -2*h + 3*x = -h - 15, -4*h + 24 = -3*x. Let k be (-2)/h*165/(-10). What is the greatest common factor of k and 88?
11
Let l be (-3 + 17)*3/6. Let y = 41 + -20. What is the highest common divisor of y and l?
7
Let o = -247 + 417. What is the greatest common factor of 68 and o?
34
Suppose -3*b + 4*n = -292, 0*b + 5*n = 3*b - 293. What is the highest common divisor of b and 24?
24
Let j = 653 + -441. Calculate the greatest common factor of j and 53.
53
Suppose 3*r = 5*u + 75 + 38, -r + 40 = -4*u. Suppose -o = -3*o + r. Calculate the greatest common factor of o and 36.